 and 1071.
51
Suppose 2*z + 235 = -3*z. Suppose 4*i - 12*o + 165 = -11*o, 4*o = -2*i - 78. Let s = i - z. What is the highest common divisor of s and 4?
2
Suppose 4*m - 702 - 1068 = -2*q, 0 = 2*q - 4*m - 1834. Calculate the greatest common divisor of q and 477.
53
Suppose 0 = -3*f + c + 9 + 7, 0 = -2*f - 4*c - 8. Let j = 1662 + -1654. Calculate the greatest common factor of f and j.
4
Let t(y) = 58*y + 1. Let b be t(2). Suppose -64 = b*f - 121*f. Let o = 52 + -36. Calculate the highest common divisor of f and o.
16
Let v(k) = -13*k - 34. Let d be v(-4). Suppose -g - f + 97 = 0, 5*g = f + 192 + 323. What is the highest common divisor of d and g?
6
Suppose -48*g = 41*g - 20617 - 49159. What is the greatest common divisor of g and 112?
112
Suppose -3*b + 586 = u + 12, 2*b - 3*u = 379. Calculate the highest common factor of b and 11.
1
Suppose -b - 5 = -r, 2*r + 2*b + b = -10. Let z be r/(-2)*6 - -48. Let j = -67 - -72. What is the highest common divisor of j and z?
5
Let p(f) = f**2 + 6*f - 4. Let u be p(5). Suppose -10*y + u = -109. Let d = -11 - -91. What is the highest common divisor of d and y?
16
Let q = 44071 - 36119. Calculate the highest common factor of q and 448.
112
Let w(v) = v**2 + 17*v + 36. Let z be w(-15). Let r(o) = -15 + 7 - o**2 + 6*o + 4*o + z. Let n be r(4). What is the greatest common factor of n and 2?
2
Suppose -10*f + 9*f = -162. Let m be (-288)/((-20)/(-5))*(-6)/4. What is the greatest common divisor of m and f?
54
Let m(v) = -22*v**3 + 4*v**2 + 8*v + 6. Let n = 111 - 112. Let b be m(n). What is the greatest common divisor of b and 36?
12
Let f = -560 + 716. What is the highest common factor of 204 and f?
12
Suppose 0 = 23*w - 28*w - 680. Let z = w - -289. Suppose -13*i + z = -445. Calculate the highest common divisor of i and 115.
23
Let a(k) = 10*k**3 - 2*k**2 - 12*k + 52. Let m be a(3). Suppose -y + 1335 = 4*t, 5*t = 4*y - 5*y + 1670. What is the highest common factor of m and t?
67
Let d(b) = 2*b**3 + 34*b**2 + 13*b - 80. Let r be d(-16). Calculate the highest common factor of 1888 and r.
32
Suppose 3*x + 52 = -71. Let b = 71 + x. Let c = -198 - -273. What is the highest common factor of c and b?
15
Let b = 3563 - 2543. Suppose z = 5*k - 1876, 4*k - b = z + 481. What is the highest common divisor of k and 45?
15
Suppose 4 = -2*o + 20. Let z(u) = u**3 - 6*u**2 - 8*u - 61. Let l be z(o). Calculate the highest common divisor of 11 and l.
1
Let r(f) = 12*f**2 - 11*f + 9. Let s be r(2). Suppose -z + 40 = -s. Calculate the greatest common divisor of z and 125.
25
Let y(i) = 22 + 9*i + 5*i**2 - 4*i**2 - 21*i. Let r be y(10). Let t be (r*-6)/(-3 - 60/(-21)). What is the greatest common factor of 12 and t?
12
Let v = -247 + 861. Let p = 1006 - v. Calculate the greatest common divisor of p and 168.
56
Let m = -55 - -26. Let d = -85 - -136. Let b = d + m. What is the highest common factor of b and 242?
22
Let d = -55964 + 87114. What is the highest common divisor of 700 and d?
350
Suppose 5*g + 16 = j, 3*j - g = -6*g - 52. Let n(b) = -b**3 - 5*b**2 - 14*b - 2. Let p be n(j). Calculate the highest common divisor of p and 14.
14
Suppose 883 = 12*g - 691 + 350. What is the greatest common factor of 34 and g?
34
Suppose -4*z - 7744 = -4*p, 50*p - 9672 = 45*p + 4*z. What is the highest common factor of 48 and p?
8
Suppose -5*w + 4*l + 9420 = 0, -101*w - 9460 = -106*w - 4*l. What is the highest common divisor of 128 and w?
32
Let b(p) = -7*p**2 + 2*p + 30. Let d be b(0). Suppose -4*g = -5*w + 1409, 5*w + 2*g + 779 = 2212. Calculate the greatest common factor of w and d.
15
Let c(r) = r**2 - 53*r + 870. Let p be c(26). Let k be -2 + 46/((-4)/(-2)). What is the highest common divisor of k and p?
21
Let w = -95 - -235. Let h be w/(-30)*(-48)/14. Calculate the greatest common factor of 128 and h.
16
Suppose 4*r = -2*f + 28, r = -4*f + 3*r + 16. Suppose 7*s + f = 6. Suppose s*g + 2200 = 11*g. What is the greatest common divisor of g and 25?
25
Suppose -10*l + 400 = 80. Let s be 0 - 1/(-2) - (-5936)/l. Let n = s - 102. What is the greatest common factor of 12 and n?
12
Let j = 1559 - 1418. What is the highest common divisor of j and 7?
1
Let m(k) = -k**3 + 53*k**2 - 559*k + 50. Let s be m(38). Calculate the highest common factor of 2106 and s.
234
Suppose 3*s = 5 - 5. Suppose -y + 12*z - 7*z - 1 = s, -5*y + 130 = 2*z. Suppose 0 = r - y - 18. What is the highest common divisor of 21 and r?
21
Let o(f) = 17*f. Let d be o(7). Let l(i) = 2*i**2 - 299*i + 752. Let r be l(147). What is the highest common divisor of r and d?
17
Let u(j) = j**3 + 12*j**2 - 33*j - 250. Let d be u(-6). What is the greatest common divisor of d and 12956?
164
Let g be 880/35 + 8/(-56). Suppose -p - 5*c = -0*p - 5, -p + 3*c = -5. Calculate the highest common divisor of g and p.
5
Let z = 18770 - 18664. Calculate the highest common divisor of z and 12349.
53
Suppose 139*c - 3074965 = -196*c. What is the highest common factor of c and 548?
137
Let i = -51 + 23. Let l = i + 30. Suppose -l = 2*t - 8, 42 = 3*v + t. Calculate the greatest common factor of 26 and v.
13
Let s(l) = l**2 + 3*l + 10. Let a be s(-9). Let o be 87/4*a/24. Suppose 54*t + 644 = o*t. What is the highest common factor of 23 and t?
23
Suppose 9*l = 10*l + 4302. Let o be l/(-30) + 6/10. Let h(q) = q**3 + 11*q**2 + q + 27. Let i be h(-11). Calculate the greatest common divisor of o and i.
16
Let f = 20 + -6. Suppose -f*i + 9 = -13*i. Suppose -i = -v - s, s = -s - 8. Calculate the greatest common factor of v and 26.
13
Let x be (35/(-4))/(184/(-32) + 6). Let c = x + 37. What is the greatest common factor of c and 18?
2
Suppose 81*f + 17870 - 55778 = 0. What is the greatest common factor of 972 and f?
36
Let q = 1499 + -1484. Calculate the greatest common divisor of q and 185.
5
Let i be (11 + -6 - 11) + 6. Let g = 11 + -7. Suppose 3*p = 5*t - 17 + 146, i = -g*p - t + 172. Calculate the highest common factor of 86 and p.
43
Suppose 0*l + 4*k = -l + 18, -l = -4*k - 2. Let h be ((-52)/l - -6)*60. What is the highest common factor of h and 128?
16
Let h = 77 - 75. Let r(u) = 7*u - 15*u - 12*u**h + 23*u + 17 + u**3 - 50. Let m be r(11). Calculate the greatest common factor of m and 22.
11
Let t be (2 - 0)/(-12 + 13). Suppose -f + 4*f = -3*w + 849, -t*f - 554 = -2*w. Calculate the greatest common factor of w and 8.
8
Let p = 20336 + -20165. What is the highest common factor of p and 2622?
57
Suppose 2*m - 49*p = -50*p + 152, p = 2. Calculate the greatest common divisor of 21075 and m.
75
Let m be 98/(-21)*(-6 + 5 - 5). Suppose -3*p = -5*b + 23, b + 4*p - 8 = -2*b. Calculate the highest common factor of m and b.
4
Suppose -35*p + 47*p + 48 = 0. Let m(v) = -10*v**3 - 10*v**2 - 3*v + 8. Let i be m(p). Calculate the greatest common factor of i and 20.
20
Let u = 1617 - 1601. What is the greatest common divisor of 22 and u?
2
Suppose -2*y - 57*g + 24687 = -60*g, 4*y - 49389 = g. What is the highest common factor of 168 and y?
84
Suppose -5*q + 1391 = 3*v, -831 = -3*q + 123*v - 126*v. Calculate the greatest common factor of q and 2440.
40
Let h = 1826 + -1814. Let l(j) = j**2 + 3*j + 5. Let v be l(-5). Calculate the highest common factor of h and v.
3
Let i be 3510 - (10/(-10) - 1/(-1)). Suppose 570 = 16*s - i. What is the highest common divisor of s and 30?
15
Let s(k) = -64*k - 167. Let g be s(-3). Let a = -25 - -35. Calculate the highest common factor of a and g.
5
Suppose 13*m = -60*m + 116727. Calculate the greatest common divisor of 78 and m.
39
Let j be 10/25 - (-18)/5. Suppose j*a + 0*a = 44. Suppose -13*q - a = -14*q. Calculate the highest common factor of 22 and q.
11
Suppose -2*r + 1218 = 10*r + 738. Suppose -h - 2*f = -11, 4*h - f = 6*h - 28. Calculate the greatest common divisor of r and h.
5
Let f = -383 - -454. Suppose 29*k - f = 219. Calculate the greatest common factor of 145 and k.
5
Let f(g) = -15*g - 10*g**2 - 3*g**2 + 37 + 5*g**2 + 7*g**2 - 6. Let z be f(-13). Calculate the greatest common divisor of 114 and z.
57
Suppose 3*b = -r - 12, 2*r + 5 = b - 19. Let p be ((-1722)/(-12) + -7)*(-56)/r. Calculate the greatest common factor of p and 98.
49
Suppose -5*v - 41 = -2*s, -4*s = 2*v - 205 + 63. Calculate the greatest common divisor of s and 17259.
33
Let g = 133 - 121. Suppose -a - 6 + g = 0. Wh